f 14/6 + (-9224)/(-3) + -6?
37, 83
Let j(a) = 241*a + 2. Suppose -t - 5 = -b, 2*t = -2*b - 0*t + 14. What are the prime factors of j(b)?
2, 181
Let y(x) = 2*x**3 - 9*x**2 - 2*x - 18. Let b be y(5). List the prime factors of 58*b/2*(3 + -4).
3, 29
Suppose -32*y = -38*y + 288. Suppose 7*n + n + y = 0. What are the prime factors of (-330)/(-18) + (-3)/(27/n)?
19
Let i(t) = -36*t - 216. Let p be i(-6). Suppose p*s = 2*d + 3*s - 958, -4*d + 1926 = s. What are the prime factors of d?
2, 241
Let l(u) be the first derivative of -286*u**4 - u**3/3 - 3*u**2/2 - u + 27. List the prime factors of l(-1).
5, 229
Let i(f) = -f**3 + 25*f**2 + 27*f - 261. List the prime factors of i(20).
43, 53
Let u(p) be the third derivative of -p**6/60 + p**5/2 + p**4/4 - 5*p**3/3 - p**2 + 7. List the prime factors of u(14).
2, 233
Suppose s = 3*p - 56702, -2*p - 4*s + 33338 = -4496. What are the prime factors of p?
3, 6301
Let y = 12754 - 11765. List the prime factors of y.
23, 43
What are the prime factors of (-2 + -114)/(24/(-3810))?
5, 29, 127
Let x = -2413 - -2477. List the prime factors of x.
2
Suppose 6*f = 8*f - 372. Suppose 3*v - v + 5*i = 170, 0 = -2*v + 3*i + f. List the prime factors of v.
2, 3, 5
What are the prime factors of 2*-298*(-18924)/912?
83, 149
Let j(n) = -4 + 2 - 7*n + 0*n + 0. Let l(c) = 13*c + 278. Let k be l(-23). What are the prime factors of j(k)?
5, 29
Let c(j) = -259*j**3 + j**2 + 6*j + 5. Let i be ((-11)/(-44))/((-1)/4). Let s be c(i). Let z = s + -9. What are the prime factors of z?
2, 5
What are the prime factors of (-2)/4*(-15682 + -10)?
2, 3923
Suppose 70*r - 1217628 + 466668 = 0. List the prime factors of r.
2, 3, 149
What are the prime factors of (-64419)/(-12) - (-10)/(-8)?
3, 1789
Suppose -26*l + 31*l - 2*v - 88891 = 0, 0 = 3*l + 4*v - 53345. List the prime factors of l.
23, 773
Let z(t) = -17*t + 65. Let x be z(4). Let y(b) = -10*b + 8. List the prime factors of y(x).
2, 19
Let d = -2955 + 5191. List the prime factors of d.
2, 13, 43
Let w = 5338 + -205. What are the prime factors of w?
3, 29, 59
What are the prime factors of 0 + 165370/18 - 12/(-378)*-7?
9187
Suppose -358 = -23*w - 36. Let f(x) = -7*x**2 - 47*x + 45. Let q(o) = 3*o**2 + 23*o - 22. Let s(p) = 4*f(p) + 9*q(p). List the prime factors of s(w).
2, 13
Let b be (14/(-3))/(-14 + (-14432)/(-1032)). Let z = b - 13. List the prime factors of z.
2, 3
Let h(x) = 320*x + 234. Let v be h(8). Suppose -6211 - v = -5*t - 5*k, 4*k - 9008 = -5*t. What are the prime factors of t?
2, 11, 41
Suppose -57*t = -59*t - 1012. Let b = -226 - t. List the prime factors of b.
2, 5, 7
Suppose -33*k + 5*r = -29*k - 160515, 40107 = k + 6*r. List the prime factors of k.
3, 5, 107
Suppose 61*k - 59671 - 136741 - 178860 = 0. List the prime factors of k.
2, 769
Let t = 46810 + -18001. What are the prime factors of t?
3, 11, 97
What are the prime factors of (1264816/2208)/((-2)/(-12))?
7, 491
Suppose 0 = -85*r + 95*r - 1140. What are the prime factors of (-2)/((-24)/r)*24?
2, 3, 19
Suppose 0 = 4*u - 4, 2*a + 388*u - 4609 = 387*u. List the prime factors of a.
2, 3
Suppose -1714645 = -65*m + 49306 + 1237814. What are the prime factors of m?
46181
Let c(d) = 47071*d**2 - 68*d + 67. List the prime factors of c(1).
2, 3, 5, 523
Let q(p) = 337*p + 21. Let r be (-48)/(-18) + 6/(-9). What are the prime factors of q(r)?
5, 139
List the prime factors of 10426360/350 - (112/120 + 1/(-3)).
29789
Suppose 0*u + 3*u = 14*u. Let p be 0 - (-57 + u) - 4. Suppose -p = -7*d + 857. What are the prime factors of d?
2, 5, 13
Let b(p) = 26*p + 2. Suppose -5*q - 4*q - 108 = 0. Let c(s) = 2*s + 25. Let x be c(q). List the prime factors of b(x).
2, 7
Let o(g) = 2869*g**2 + 97*g + 42. List the prime factors of o(-4).
2, 3, 2531
Let h(j) = -j**2 + 14*j - 20. Let l be h(12). Suppose -2221 = -3*f + 5*o - l*o, 2965 = 4*f - 5*o. List the prime factors of f.
2, 5, 37
What are the prime factors of 8 - (-2)/6*33843?
3, 53, 71
Let o = -71 + 83. Suppose -59*f = -53*f - o. List the prime factors of f/7 - (-3828)/77.
2, 5
Let x be -144 + -2 + 3 + -6. Let p = x - -752. List the prime factors of p.
3, 67
Let p be ((-105)/10)/7*2*-1. Suppose 5*n = -p*q + 500, 3*q + 4*n = 416 + 89. Let k = 331 - q. List the prime factors of k.
2, 3, 13
Suppose -20*y + 105 = -21*y. What are the prime factors of 14*(-3)/y - 3933/(-5)?
787
Let y(u) = 10*u**2 - 3*u + 15. Suppose 5*r = -2*w + 7*w + 5, w = -2*r + 8. What are the prime factors of y(w)?
7
Suppose -11*c - 2*c - 6097 = 0. List the prime factors of (-134)/c - 291*(-62)/14.
1289
Let x = -210 - -230. What are the prime factors of (2064/x)/((-4)/(-10))?
2, 3, 43
Suppose j + 65496 = 2*y, 5*y - 194*j + 195*j = 163712. List the prime factors of y.
2, 4093
Suppose 0 = 4*h - x + 52, -35*h = -39*h + 3*x - 60. What are the prime factors of (h/(-5))/(5 + (-2495)/500)?
2, 3, 5
Let c be ((-8)/20)/(-1) - 2/5. Suppose 0 = -y - b + 12 + 7, c = -5*y + 2*b + 88. Suppose -y*q + 19*q - 87 = 0. List the prime factors of q.
3, 29
Let q(n) = 121*n**2 - 5*n + 4. Let u be q(1). Let k = -97 + u. Let b = k + 116. What are the prime factors of b?
139
Let m(x) = -22*x - 15. Let n be m(6). Let d = n + 271. Let l = d + -84. What are the prime factors of l?
2, 5
Let u be ((-15)/2)/((-6)/(-4) - 3). Suppose -2*k = 4*x - 394, u = -3*x + 14. List the prime factors of k.
191
What are the prime factors of 1921 + 2/(-1) - (155 - 162)?
2, 3, 107
Suppose 28*w + 5*w - 62766 = 0. What are the prime factors of w?
2, 3, 317
Suppose -27 - 78 = -7*m. Suppose -7*j = -m*j + 1296. Suppose -10*f - j = -11*f. What are the prime factors of f?
2, 3
Suppose 0 = -4*d + 38*d - 152252. List the prime factors of d.
2, 2239
Let f = -1573 - -3036. Let y = f + -1005. List the prime factors of y.
2, 229
Let y(q) be the third derivative of 23*q**4/24 - 2*q**3 - 3*q**2. Let i(a) = 39*a - 143. Let g be i(4). What are the prime factors of y(g)?
7, 41
What are the prime factors of ((-24)/10)/(15*(-21)/5070450)?
2, 11, 439
Let o(i) = 2*i**3 - 40*i**2 + 3*i - 4. Suppose 4*j - 88 = s, 7*j - 2*s - 92 = 3*j. List the prime factors of o(j).
941
Suppose -4*p = 3*g + 92, 4*p + 4*g = -29 - 67. Let l = p + 25. Let f(a) = 8*a - 18. What are the prime factors of f(l)?
2, 11
Suppose 2*l = -3*c - 5367 + 21630, 4*l + 5*c = 32527. List the prime factors of l.
3, 2711
Let t(j) = -23*j + 6. Let p be t(-6). Let v = 73 - p. Let u = -30 - v. List the prime factors of u.
41
Suppose -29*h = -17539 + 2952. Let b = h - -759. List the prime factors of b.
2, 631
Suppose w = -19*w + 16060. Suppose 0 = 8*o + 67 - w. List the prime factors of o.
2, 23
Suppose -7 = -4*n + 3*w, -5*n + 1 + 4 = -5*w. Suppose -n*b + 72 = -16*b. What are the prime factors of (-10)/(0 - (-2)/b)?
2, 3, 5
Let c be (44 - (2 - 0)) + -2 + 0. Let v = c + 37. Let o = -4 + v. List the prime factors of o.
73
Suppose 3*w = -5*h + 55674 - 16931, -2*w + 5*h = -25787. What are the prime factors of w?
2, 3, 239
Suppose 1312 = -4*b - 4*i, -b + 2*i = -2*i + 348. Let u = 564 + b. List the prime factors of u.
2, 29
Suppose -3*m = 9, -5*u + 0*u = 4*m - 12103. Let i = 4258 - u. List the prime factors of i.
5, 367
Let z be 7*(-4 + 120/28). Let b be (-12)/(-4)*(-2 - 0). List the prime factors of -3 - (-195 - (z + b)).
2, 47
Let g(r) = -r**3 - 11*r**2 - 8*r. Let d be g(-10). Let p be (-341)/(-5) - (-4)/d. Suppose c - p = 16. What are the prime factors of c?
2, 3, 7
Suppose -3*h + 5*n + 5055 = 0, 3*n + 3893 = 3*h - 1168. Suppose c - 2*c - 3*k + 582 = 0, -3*c = -5*k - h. List the prime factors of c.
2, 3, 5, 19
Let i = 461 + 612. Let b = 1976 - i. What are the prime factors of b?
3, 7, 43
Let y = -13 + 7. Let a = 10 + y. Suppose -2*p + 83 = -j - 18, 0 = -a*j - 12. What are the prime factors of p?
7
Let b = -449 - -1272. Suppose 0 = 7*h + b - 2041. Suppose -3*a + h = 3*a. List the prime factors of a.
29
Suppose -7*k = -31 - 4. Suppose -h = k*d - 1399, -d + 1676 = h + 293. List the prime factors of h.
7, 197
List the prime factors of (-88)/(-308) + (-326976)/(-28).
2, 5839
Let h(p) = 10*p**2 - 1 - 3*p + 2*p - p. Let g = -1725 - -1730. List the prime factors of h(g).
239
Let q = 307 + 1397. Let i = q - 671. List the prime factors of i.
1033
Let r(u) be the third derivative of u**4/4 - 19*u**3/6 - 394*u**2. Suppose -3*h = -a - 25 + 2, 0 = h + a - 1. Wh